{"id":80,"date":"2021-05-13T13:10:47","date_gmt":"2021-05-13T11:10:47","guid":{"rendered":"https:\/\/learn2learn.de\/?post_type=product&#038;p=80"},"modified":"2021-08-29T18:19:21","modified_gmt":"2021-08-29T16:19:21","slug":"produktempfehlung-1","status":"publish","type":"product","link":"https:\/\/learn2learn.de\/index.php\/product\/produktempfehlung-1\/","title":{"rendered":"T\u00dcLT &#8211; T\u00fcbinger Lernmethodik-Training f\u00fcr Kinder und Jugendliche"},"content":{"rendered":"","protected":false},"excerpt":{"rendered":"<p>Bei Schwierigkeiten im Lern- und Arbeitsverhalten sowie Konzentrations-, Motivations- und Organisationsproblemen. Klassenstufe 2 bis 10. Einsatz in der au\u00dferschulischen Lerntherapie und Lernhilfe und in F\u00f6rderschulen als Einzel- oder Kleingruppentraining (bis zu 4 Sch\u00fcler) oder pr\u00e4ventiv im regul\u00e4ren Schulunterricht als Kurs \u201eLernen lernen\u201c. <\/p>\n","protected":false},"featured_media":231,"template":"","meta":{"neve_meta_sidebar":"","neve_meta_container":"","neve_meta_enable_content_width":"off","neve_meta_content_width":0,"neve_meta_title_alignment":"","neve_meta_author_avatar":"","neve_post_elements_order":"","neve_meta_disable_header":"","neve_meta_disable_footer":"","neve_meta_disable_title":""},"product_brand":[],"product_cat":[20],"product_tag":[],"class_list":{"0":"post-80","1":"product","2":"type-product","3":"status-publish","4":"has-post-thumbnail","6":"product_cat-affiliate","8":"first","9":"instock","10":"taxable","11":"shipping-taxable","12":"product-type-external"},"brizy_media":[],"_links":{"self":[{"href":"https:\/\/learn2learn.de\/index.php\/wp-json\/wp\/v2\/product\/80","targetHints":{"allow":["GET"]}}],"collection":[{"href":"https:\/\/learn2learn.de\/index.php\/wp-json\/wp\/v2\/product"}],"about":[{"href":"https:\/\/learn2learn.de\/index.php\/wp-json\/wp\/v2\/types\/product"}],"wp:featuredmedia":[{"embeddable":true,"href":"https:\/\/learn2learn.de\/index.php\/wp-json\/wp\/v2\/media\/231"}],"wp:attachment":[{"href":"https:\/\/learn2learn.de\/index.php\/wp-json\/wp\/v2\/media?parent=80"}],"wp:term":[{"taxonomy":"product_brand","embeddable":true,"href":"https:\/\/learn2learn.de\/index.php\/wp-json\/wp\/v2\/product_brand?post=80"},{"taxonomy":"product_cat","embeddable":true,"href":"https:\/\/learn2learn.de\/index.php\/wp-json\/wp\/v2\/product_cat?post=80"},{"taxonomy":"product_tag","embeddable":true,"href":"https:\/\/learn2learn.de\/index.php\/wp-json\/wp\/v2\/product_tag?post=80"}],"curies":[{"name":"wp","href":"https:\/\/api.w.org\/{rel}","templated":true}]}}